 + 3. Suppose -3*i - 33 + 0 = 0. Let w = b + i. Calculate the highest common factor of 5 and w.
1
Let d(a) = -2*a**3 - a**2 + 1. Let w be d(-1). Suppose x = 4*r - 6, 6*x - 2*x = 3*r + w. Let y be x - -2*27/6. Calculate the highest common divisor of 99 and y.
11
Let p be 31 + ((-6)/(24/(-20)) - 6). Suppose 35*j - p*j - 50 = 0. Let w be (-11 - 1/(-1))*-7. Calculate the highest common factor of w and j.
10
Let p = -16 + 23. Suppose -2*a + 8 = -2*b, -3*b - p = -5*a + 7. Let i be (35/(-14))/(a/(-10)). What is the greatest common factor of 100 and i?
25
Let t be 5/3*(72/8 - 3). What is the greatest common divisor of 30 and t?
10
Let m = -532 + 576. Calculate the highest common divisor of m and 1034.
22
Let m be 4 + 3 + (-1 - 2). Suppose -3 - 155 = -5*d - 2*l, -m*l + 16 = 0. Let p be (-6)/2*(-35)/7. What is the highest common factor of d and p?
15
Suppose s - 7 - 397 = -2*z, 1206 = 3*s + 3*z. Calculate the greatest common factor of s and 40.
40
Let b(a) = -266*a**2. Let w be b(2). Let i be ((-6)/(-8))/((-19)/w). Calculate the greatest common divisor of 63 and i.
21
Let g = 46 - 27. Let c = -51 + 146. What is the greatest common divisor of c and g?
19
Let z be (1644/(-6))/((-20)/200). What is the greatest common factor of 20 and z?
20
Suppose -5*s + 2*h = -169, -22*s - 163 = -27*s - h. Calculate the greatest common factor of s and 528.
33
Suppose 16*k = 15*k. Suppose k = g + 4*t - 33, 3*g = t + 49 - 2. Calculate the highest common factor of g and 17.
17
Let m = -13 - -17. Suppose 0 = -m*g + 101 + 27. Calculate the greatest common divisor of g and 288.
32
Let x = 1486 + -1312. Calculate the highest common divisor of x and 18.
6
Suppose -2*a + 18 = -b - 11, 3*a - 47 = -2*b. Suppose l = 2*l - a. Let c = 29 - l. What is the highest common divisor of 2 and c?
2
Suppose 5*m = u - 249, -2*u + m + 473 = -4*m. What is the highest common divisor of 21 and u?
7
Suppose 4*x = -3*x + 462. Let d be 3/(-21) + x/21. Calculate the highest common factor of 12 and d.
3
Let k = -219 + 419. Calculate the highest common factor of k and 150.
50
Let n(j) = -115*j + 5. Let l be n(-1). Calculate the highest common factor of 48 and l.
24
Suppose 18 = 4*l - 22. Let j be -40*(1 - 14/l). Calculate the greatest common divisor of 80 and j.
16
Let r = -134 - -143. Calculate the greatest common factor of r and 6.
3
Let g(n) = n**3 - n**2 + 6*n - 5. Let o be g(2). Suppose -10*f = o - 41. What is the highest common divisor of f and 9?
3
Suppose -316 = -3*n + 89. Suppose -s = 3*s - 120. What is the highest common factor of n and s?
15
Let o = 2371 - 2348. Calculate the greatest common factor of 1 and o.
1
Suppose v = 5*w + 84, v + 2*w - 118 = -27. Suppose -3*k - 2*p - 13 = -4*k, 0 = 5*k - 2*p - v. Calculate the greatest common divisor of 133 and k.
19
Let c(d) = -d**2 - 59*d - 128. Let v be c(-50). What is the greatest common divisor of v and 196?
14
Let d(l) = -19*l**3 + l. Let b be d(-1). Let u = 18 - b. Let g be 3 + (22 - (-3 - u)). What is the highest common factor of g and 4?
4
Let n(z) = 8*z + 48. Let v be n(-5). Let i = 9 + 7. Calculate the highest common divisor of v and i.
8
Let q = 0 + 3. Let r be 201/6 + (-4)/8. Calculate the highest common divisor of q and r.
3
Let d(w) = w + 24. Let u be d(-28). Let l(a) = 4*a + 23. Let j be l(u). What is the greatest common divisor of j and 77?
7
Suppose 2*u = -2*n - 58, 2*u - 5*n - 9 = -53. Let l = 33 + u. Calculate the greatest common divisor of 24 and l.
6
Let v(a) = -5*a - a + 0*a + 4*a - 12. Let n be v(-13). Calculate the greatest common factor of n and 35.
7
Let a(j) = 46*j + 388. Let c be a(-7). Calculate the greatest common divisor of 33 and c.
33
Suppose 4*d - 5*j - 16 = -7*j, -5*d + 5*j + 5 = 0. What is the highest common factor of d and 135?
3
Suppose -25 + 30 = -5*j. Let p be 7 - (4/8)/(j/(-6)). What is the greatest common factor of p and 4?
4
Let v be (-150)/45*(-234)/4. Let d = v + -91. Calculate the highest common factor of d and 26.
26
Let d(m) = m**3 + 12*m**2 - m - 18. Let w be d(-9). Calculate the highest common factor of 144 and w.
18
Suppose -5*k - 4*a = -25, 8 = 2*k - 4*a - 30. Let h be 0*(-3 - 15/(-6)). Suppose 0 = 4*v - h*v - 4. What is the greatest common divisor of k and v?
1
Let p = 19 + -12. Suppose 2*b + 36 = 5*j - 12, -j - 5*b - 12 = 0. Suppose -j + 1 = -s. What is the highest common divisor of p and s?
7
Suppose -14*k + 19*k - 125 = 0. Let m(t) = t**3 - t**2 - t + 175. Let w be m(0). Calculate the greatest common factor of w and k.
25
Let m = -9 + 14. Let x be ((-12)/(-21))/((-6)/(-105)). Calculate the greatest common divisor of m and x.
5
Let h be 164/12*(3 - 0). Suppose 0 = -2*x - 33 + h. Suppose t - 4 = 32. What is the highest common factor of x and t?
4
Let h(w) = -3*w - 3. Let m be h(-2). Suppose 0*i + 48 = m*i. Let o = 19 - -5. What is the highest common factor of i and o?
8
Suppose -33 = -4*a + 3*s + 2, a = -s. Suppose a*q + n = -238, 2*q + q - 3*n = -150. Let p = q + 76. What is the greatest common factor of 70 and p?
14
Let h(f) = f**2 - 2*f - 4. Let g be h(4). Suppose 0 = 4*v + 3*u - 131, -6*v + 60 = -4*v - 4*u. Calculate the greatest common factor of v and g.
4
Let h = -1393 - -1473. Calculate the highest common factor of h and 15.
5
Let v be 6/15 + 1/(-15)*-5169. Calculate the greatest common divisor of v and 15.
15
Let y = 749 + -327. Suppose -y = -2*l + 3*u, l - 3*u - 630 = -2*l. What is the greatest common divisor of l and 26?
26
Suppose -20*o = -1700 - 2760. Suppose -3*l - 22 = 407. Let k = l + o. Calculate the highest common divisor of k and 16.
16
Let f be (-288)/(-156) + (-2)/(-13). Suppose -o = -i - 2, -f*i = 2*o - 7*o + 10. Calculate the greatest common divisor of o and 16.
2
Let k = 2 - -3. Suppose -186 = -k*c - 2*o, -5*c - 5*o = -2*o - 189. Suppose 0 = -5*h - 5*q + 115, q = -q + 10. Calculate the highest common factor of c and h.
18
Let m = 38 - 20. Let x be m/45 + (-96)/(-10). Calculate the highest common factor of 80 and x.
10
Let a(l) = -5*l + 2. Let t be a(-2). Suppose -96 = 7*x - 15*x. Calculate the highest common divisor of x and t.
12
Let z be (-5)/(-50)*6 - 2207/(-5). Calculate the highest common divisor of 34 and z.
34
Suppose 132 = 2*n - 3*f, -6*n = -10*n - f + 292. What is the highest common factor of 24 and n?
24
Let g = 200 - -34. What is the greatest common factor of 91 and g?
13
Let t = 0 + 4. Suppose 4*c + t*d = 124, d + 119 = 2*c + 48. Let v = 85 - 68. What is the greatest common divisor of v and c?
17
Let j(o) = -o**2 - 8*o + 3. Let r be j(-8). Let s be ((-4)/r)/((-28)/63). Let h be (-185)/(-15) - (-1)/(-3). Calculate the greatest common factor of s and h.
3
Let y(j) = -j**3 + 13*j**2 + 2*j - 2. Let m be (0 + 13)/(-6 + 7). Let i be y(m). What is the highest common factor of 48 and i?
24
Let m = 5 + -15. Let t = -8 - m. Suppose 2*g - 5*v - 45 = -3*g, 0 = g - t*v - 7. What is the highest common divisor of 11 and g?
11
Let o = -60 + 129. Suppose 0 = -n - 2, 7*u - 226 = 2*u - 2*n. Calculate the greatest common divisor of u and o.
23
Let m(h) = -h**2 - 32*h - 147. Let f be m(-26). Calculate the greatest common divisor of f and 12.
3
Suppose -2 + 12 = 2*o. Suppose 6*f - 5*k = f + 110, -2*f + 41 = -o*k. What is the greatest common divisor of 253 and f?
23
Let a(z) = z**3 - 5*z**2 + 2*z - 2. Let u be a(4). Let i = u + 13. Calculate the greatest common divisor of i and 21.
3
Let t(i) = 2*i**2 + 3*i + 6. Let w be t(-6). Let d be (-123)/(-205)*(22 - 2). What is the greatest common factor of w and d?
12
Let d(m) = -9*m**2 + 76*m + 5. Let f(h) = -3*h**2 + 25*h + 1. Let b(g) = 2*d(g) - 7*f(g). Let w be b(9). What is the greatest common factor of 117 and w?
39
Let o(t) = t**3 + 16*t**2 + 19*t. Suppose -r + 14 - 16 = 0, v - 2*r = -10. Let b be o(v). Calculate the greatest common factor of 18 and b.
18
Suppose -105 = 5*u - 0*u. Let q be 6/u - 144/(-14). Let c = 375 + -295. Calculate the greatest common factor of c and q.
10
Let t(b) = 10*b + 6. Let u(x) = 11*x + 7. Let s(y) = -3*t(y) + 2*u(y). Let z be s(-11). What is the greatest common factor of 12 and z?
12
Suppose 0 = -5*j + o - 95, 0*o = -j - o - 25. Let l be 6/(-4 + (-88)/j). Calculate the highest common divisor of 120 and l.
15
Suppose -231 = 17*a - 6*a. Let x = 0 - a. Calculate the greatest common divisor of 14 and x.
7
Sup